0
In base 6, what is 245332525 - 4?
245332521
In base 9, what is 10845 + -114850?
-104004
In base 10, what is -17017430 + 4?
-17017426
In base 13, what is 22373 + -470?
21c03
In base 8, what is -3 - -110446500?
110446475
In base 4, what is -10332221100 + 1222?
-10332213212
In base 7, what is 41 + -1663332?
-1663261
In base 11, what is 6 + 4003a75?
4003a80
In base 8, what is 141651401 + -4?
141651375
In base 16, what is -50 - 117b76?
-117bc6
In base 2, what is -101 + 10000110000010111011101?
10000110000010111011000
In base 5, what is 1 - 13231003244?
-13231003243
In base 2, what is -1101100010101101 + 110011110000?
-1100101110111101
In base 10, what is -319264 - -62?
-319202
In base 3, what is -101002021 + -10200120?
-111202211
In base 11, what is 14 + 1602a97?
1603000
In base 13, what is -4 - 1601a40?
-1601a44
In base 7, what is -2052 + 1043601?
1041516
In base 11, what is -21386586 + -3?
-21386589
In base 14, what is -30 + 113bc12?
113bbc2
In base 7, what is 340 + 34300?
34640
In base 12, what is -1200b8b + 13?
-1200b78
In base 10, what is 6031092 - 8?
6031084
In base 4, what is 121011122022 + 3?
121011122031
In base 12, what is 7791 + -1515?
6278
In base 9, what is 3400531 + -132?
3400388
In base 16, what is -17 - -f9ac3?
f9aac
In base 5, what is -120213011121 + -4?
-120213011130
In base 4, what is -2202 - -11133332300?
11133330032
In base 7, what is 20 - -6555665?
6556015
In base 5, what is 244302204 - -1?
244302210
In base 15, what is 182a2d2 + 0?
182a2d2
In base 9, what is 35272 + -172?
35100
In base 13, what is -18775203 - -5?
-187751cb
In base 8, what is 13 + -157112?
-157077
In base 4, what is 22003303220 - 2120?
22003301100
In base 6, what is -24 - 234510231?
-234510255
In base 12, what is a54 + -128b?
-437
In base 9, what is -203115 + 474?
-202531
In base 15, what is c69cb49 + -2?
c69cb47
In base 5, what is -240 - -33321204?
33320414
In base 8, what is -141 + 503022?
502661
In base 12, what is 3a8a6 - 10b5?
397b1
In base 13, what is -1a93258 - 9?
-1a93264
In base 13, what is -90054 - -3?
-90051
In base 3, what is -2 - 111210002222002?
-111210002222011
In base 5, what is 21332331 + -114?
21332212
In base 11, what is -2 + 14685286?
14685284
In base 4, what is -20010321311101 + -3?
-20010321311110
In base 8, what is -2 + -1410334774?
-1410334776
In base 13, what is -348c - 2b2?
-3771
In base 7, what is 4 + 2006103410?
2006103414
In base 13, what is 717 + 30ca?
3814
In base 9, what is 15123 + -547?
14465
In base 10, what is 0 - 4376669?
-4376669
In base 12, what is -64 + -4758123?
-4758187
In base 10, what is -321 + 146497?
146176
In base 14, what is -5 + -105a62a?
-105a631
In base 9, what is 508 + -58256?
-57647
In base 5, what is -11 + -232101112?
-232101123
In base 3, what is -10212201 + 121221221?
111002020
In base 4, what is 33 + -130330012211?
-130330012112
In base 16, what is 309f9f + -5?
309f9a
In base 3, what is -11002000100002 + -22?
-11002000100101
In base 6, what is 1 + 133323053?
133323054
In base 3, what is 1101201 - 122?
1101002
In base 5, what is 10123133 + 2214?
10130402
In base 15, what is -858 - -148?
-710
In base 3, what is -1002010201 - -2010100?
-1000000101
In base 2, what is -1101010110001 - 101110111101?
-10011001101110
In base 8, what is -36366 + -16723?
-55311
In base 11, what is 1651274a + -3?
16512747
In base 10, what is -78532709 - 3?
-78532712
In base 5, what is 34 + 441004340?
441004424
In base 6, what is 240 + -50355131?
-50354451
In base 16, what is -3a25 + 86?
-399f
In base 3, what is -2011201 + 22001112101?
21222100200
In base 16, what is -1 + 8c35a4?
8c35a3
In base 8, what is -1553 - -1743725?
1742152
In base 2, what is 100001110111100001 + 10000?
100001110111110001
In base 7, what is -1126 + -1063025?
-1064154
In base 13, what is -25 - -165292?
16526a
In base 7, what is 63 + -356500136?
-356500043
In base 10, what is -14285817 - -20?
-14285797
In base 12, what is 183a7 + 48?
18433
In base 6, what is -321311 - 3433?
-325144
In base 6, what is 52342 + 3552?
100334
In base 16, what is -527d - -91?
-51ec
In base 10, what is 454506973 + -5?
454506968
In base 6, what is -2 + -50125325?
-50125331
In base 7, what is 1206 + -54054?
-52545
In base 12, what is 300b2 + -1937?
2a377
In base 6, what is -3543255 + 0?
-3543255
In base 8, what is 4737362 + -464?
4736676
In base 6, what is -2 - -331241350?
331241344
In base 6, what is 140551215 - 143?
140551032
In base 10, what is -239638 + 841?
-238797
In base 8, what is -12122315 - 4?
-12122321
In base 15, what is 21c1 + 73?
2244
In base 8, what is 1144240 + -47?
1144171
In base 10, what is 523 + -47964?
-47441
In base 8, what is 6 - -12476310?
12476316
In base 15, what is -84 + -48992?
-48a26
In base 4, what is 12 - 2213031122232?
-2213031122220
In base 7, what is -24455415 + -110?
-24455525
In base 13, what is b9946c3 - -2?
b9946c5
In base 13, what is 993bba - 4b?
993b6c
In base 13, what is 2988 + 1a35?
46c0
In base 12, what is -4 + -1b5a5691?
-1b5a5695
In base 4, what is -310 - -23333313003?
23333312033
In base 11, what is -23a - 19054?
-19293
In base 12, what is 7971673 - 8?
7971667
In base 14, what is c0 + 6d3a9?
6d489
In base 5, what is 232043122 + 13?
232043140
In base 15, what is -88 + -9c32?
-9cba
In base 3, what is 110212102100021221 - -11?
110212102100022002
In base 3, what is -2221001202202 - -211?
-2221001201221
In base 6, what is 41 - 110300?
-110215
In base 4, what is 2102123213 - -202?
2102130021
In base 15, what is d13e1 - -164?
d1555
In base 5, what is 130222330 + -1?
130222324
In base 3, what is -2220 - -22210202201002?
22210202121012
In base 13, what is 3 - 1c04550?
-1c0454a
In base 9, what is -1 - -40707122?
40707121
In base 4, what is 2331231023 + -221?
2331230202
In base 5, what is 141240442 - -43?
141241040
In base 13, what is -7078 + 5397?
-19b1
In base 2, what is 100110001100 + -1100101011011010000?
-1100100110101000100
In base 5, what is 2141 - -23044422?
23102113
In base 16, what is 3 + -fcb066?
-fcb063
In base 10, what is -118919 + 811?
-118108
In base 11, what is -1134208 + 0?
-1134208
In base 8, what is -333 + 173435?
173102
In base 3, what is 1001211112 - -1121221020?
2200202202
In base 11, what is -155 - 211267?
-211411
In base 16, what is 2b0a68 + 5?
2b0a6d
In base 15, what is -3 + -b7003c?
-b70040
In base 6, what is 23130152 + 51?
23130243
In base 6, what is 133132 - 123443?
5245
In base 6, what is 2131514 + 11052?
2143010
In base 14, what is c35d + 423?
c782
In base 4, what is 103020003 - 22210?
102331133
In base 2, what is -1001110111000011100 + -110?
-1001110111000100010
In base 4, what is 20 + 11202303322?
11202310002
In base 7, what is -201604066 + 1?
-201604065
In base 5, what is 11 + 4343133113?
4343133124
In base 12, what is 100476 - -1b?
100495
In base 4, what is 213102230 - -330320?
220033210
In base 12, what is -2 + 618782?
618780
In base 7, what is -12 - -16462452?
16462440
In base 3, what is -10200100112 + -111210?
-10200212022
In base 7, what is -105446353 + -5?
-105446361
In base 5, what is -112303 + -1131?
-113434
In base 13, what is -609 + 12248?
1193c
In base 13, what is -2 - -47305a18?
47305a16
In base 3, what is -2222211212022 - 120?
-2222211212212
In base 2, what is 1101 - 1010011110101100101110000?
-1010011110101100101100011
In base 15, what is 118 + -1e9bb?
-1e8a3
In base 7, what is 11140616651 + 3?
11140616654
In base 2, what is 11110000011 - -111011110000001?
111111100000100
In base 4, what is -232 - -210003032123?
210003031231
In base 6, what is 515 - -11352340?
11353255
In base 4, what is -2133311102 + -301?
-2133312003
In base 8, what is 154025354 - -4?
154025360
In base 12, what is -53704a97 - 3?
-53704a9a
In base 10, what is 118 + -11757?
-11639
In base 8, what is 5 + -136576605?
-136576600
In base 9, what is 38 + -126743?
-126704
In base 9, what is -3182 + 36447?
33255
In base 7, what is 1625000 + -610?
1624060
In base 16, what is 2b68c + b?
2b697
In base 9, what is 11481363 + 1?
11481364
In base 14, what is 433 + -2697cc?
-269399
In base 4, what is -3 + -102323033031?
-102323033100
In base 7, what is 351 - 2624434?
-2624053
In base 9, what is -4 - -12465510?
12465505
In base 11, what is 8016 + -18?
7aa9
In base 16, what is -3 + -fea1b0?
-fea1b3
In base 4, what is 1232 + 220011?
221303
In base 5, 